(base 6) in base 9?
12
-6 (base 12) to base 13
-6
-32 (base 8) to base 11
-24
Convert -21 (base 6) to base 15.
-d
What is 16 (base 13) in base 16?
13
74 (base 10) to base 6
202
-1011 (base 2) to base 16
-b
Convert 0 (base 7) to base 10.
0
What is 13 (base 4) in base 5?
12
Convert 1 (base 8) to base 4.
1
11 (base 6) to base 9
7
Convert -4 (base 12) to base 15.
-4
What is -8 (base 13) in base 15?
-8
-60 (base 7) to base 14
-30
What is -21 (base 3) in base 10?
-7
Convert 1211 (base 3) to base 16.
31
What is 31 (base 5) in base 8?
20
Convert 110 (base 4) to base 3.
202
Convert 12 (base 7) to base 12.
9
Convert 3 (base 11) to base 13.
3
3 (base 11) to base 9
3
Convert 3 (base 13) to base 12.
3
-3 (base 13) to base 7
-3
What is -3 (base 11) in base 8?
-3
Convert -1c (base 16) to base 11.
-26
161 (base 13) to base 10
248
3 (base 8) to base 13
3
Convert 4 (base 10) to base 14.
4
What is 72 (base 14) in base 8?
144
What is 10 (base 5) in base 7?
5
Convert 11 (base 15) to base 7.
22
What is -48 (base 9) in base 5?
-134
-5b (base 12) to base 16
-47
Convert -8 (base 14) to base 9.
-8
301 (base 5) to base 4
1030
What is -12 (base 8) in base 16?
-a
-3 (base 4) to base 11
-3
What is -1 (base 12) in base 10?
-1
What is -423 (base 5) in base 16?
-71
What is -80 (base 12) in base 5?
-341
-28 (base 15) to base 3
-1102
What is -8 (base 10) in base 8?
-10
What is 1 (base 8) in base 12?
1
Convert 142 (base 12) to base 15.
ce
-201 (base 3) to base 10
-19
3 (base 12) to base 10
3
Convert -11 (base 10) to base 8.
-13
What is 8 (base 14) in base 7?
11
What is -19 (base 11) in base 6?
-32
What is 34 (base 11) in base 13?
2b
What is -525 (base 8) in base 12?
-245
Convert -3b (base 14) to base 10.
-53
Convert -1a (base 15) to base 8.
-31
What is 10 (base 4) in base 14?
4
-81 (base 14) to base 16
-71
Convert -1203 (base 5) to base 15.
-bd
-120 (base 7) to base 14
-47
-17 (base 10) to base 4
-101
What is 0 (base 8) in base 6?
0
What is 100100 (base 2) in base 13?
2a
Convert 5 (base 15) to base 6.
5
Convert -210 (base 3) to base 11.
-1a
-1001000 (base 2) to base 15
-4c
-4 (base 14) to base 16
-4
What is -30 (base 7) in base 12?
-19
What is 2 (base 9) in base 13?
2
What is -10 (base 12) in base 4?
-30
4 (base 14) to base 16
4
-332 (base 4) to base 5
-222
What is 2d (base 15) in base 6?
111
53 (base 10) to base 7
104
414 (base 6) to base 14
b0
Convert 0 (base 12) to base 3.
0
5 (base 13) to base 7
5
Convert -132 (base 4) to base 9.
-33
Convert -1001 (base 2) to base 3.
-100
Convert 1b (base 13) to base 2.
11000
17 (base 15) to base 14
18
73 (base 10) to base 8
111
What is 2 (base 8) in base 9?
2
Convert 10011 (base 2) to base 14.
15
Convert 229 (base 11) to base 9.
333
0 (base 7) to base 8
0
Convert 64 (base 16) to base 5.
400
Convert 7 (base 10) to base 15.
7
9 (base 11) to base 15
9
-2 (base 4) to base 13
-2
What is -4 (base 14) in base 10?
-4
What is 18a (base 15) in base 6?
1351
Convert 3 (base 11) to base 7.
3
What is -15 (base 15) in base 16?
-14
Convert 2 (base 13) to base 6.
2
10 (base 8) to base 12
8
Convert 2 (base 5) to base 11.
2
-1 (base 6) to base 12
-1
What is 2 (base 6) in base 14?
2
1424 (base 5) to base 12
17b
1302 (base 5) to base 4
3022
What is -102 (base 4) in base 15?
-13
4 (base 5) to base 7
4
What is -111 (base 2) in base 7?
-10
Convert -60 (base 9) to base 5.
-204
Convert 110 (base 12) to base 13.
c0
Convert 1 (base 3) to base 11.
1
Convert 2 (base 8) to base 11.
2
Convert 0 (base 11) to base 6.
0
-3 (base 11) to base 9
-3
Convert -1 (base 8) to base 3.
-1
What is -104 (base 6) in base 15?
-2a
Convert 20 (base 10) to base 16.
14
5 (base 8) to base 14
5
Convert -41 (base 9) to base 6.
-101
62 (base 12) to base 9
82
What is -94 (base 16) in base 8?
-224
Convert -2c (base 13) to base 8.
-46
Convert -2 (base 9) to base 2.
-10
What is 1a (base 15) in base 9?
27
37 (base 15) to base 6
124
What is -114 (base 7) in base 12?
-50
What is 113 (base 4) in base 11?
21
-1 (base 14) to base 15
-1
What is -13 (base 5) in base 8?
-10
5 (base 11) to base 3
12
-1000100 (base 2) to base 12
-58
-15 (base 6) to base 7
-14
What is 0 (base 7) in base 15?
0
Convert 11 (base 4) to base 12.
5
What is 1 (base 6) in base 7?
1
7 (base 10) to base 3
21
3 (base 9) to base 15
3
-17a (base 14) to base 9
-367
What is -1 (base 13) in base 12?
-1
What is -14 (base 6) in base 2?
-1010
What is -1 (base 4) in base 15?
-1
Convert -1 (base 16) to base 11.
-1
Convert 317 (base 9) to base 10.
259
Convert 101 (base 5) to base 3.
222
Convert 1100111 (base 2) to base 15.
6d
What is -4 (base 11) in base 10?
-4
What is 51 (base 10) in base 14?
39
Convert -2 (base 11) to base 10.
-2
1 (base 6) to base 15
1
Convert 3 (base 7) to base 2.
11
What is -8 (base 10) in base 2?
-1000
What is 3 (base 13) in base 15?
3
1 (base 10) to base 11
1
1000000 (base 2) to base 5
224
Convert 31 (base 10) to base 5.
111
-58 (base 14) to base 7
-141
Convert 2 (base 4) to base 3.
2
32 (base 6) to base 8
24
What is 2 (base 4) in base 16?
2
Convert -2 (base 13) to base 4.
-2
What is -4 (base 10) in base 7?
-4
What is -60 (base 8) in base 3?
-1210
Convert -133 (base 6) to base 10.
-57
-3 (base 16) to base 11
-3
What is 8e (base 15) in base 16?
86
73 (base 8) to base 2
111011
3 (base 12) to base 7
3
4 (base 5) to base 16
4
What is -100111 (base 2) in base 15?
-29
Convert 17 (base 15) to base 8.
26
What is -13 (base 11) in base 6?
-22
Convert -17 (base 11) to base 8.
-22
What is 1 (base 5) in base 13?
1
What is -1000 (base 2) in base 12?
-8
What is 114 (base 12) in base 10?
160
Convert 37 (base 9) to base 3.
1021
Convert 2 (base 8) to base 12.
2
What is 125 (base 10) in base 16?
7d
What is -1 (base 10) in base 16?
-1
What is d (base 14) in base 12?
11
1 (base 2) to base 10
1
What is -51 (base 15) in base 16?
-4c
-b (base 12) to base 5
-21
-110 (base 3) to base 4
-30
What is 1112 (base 5) in base 8?
235
30 (base 15) to base 5
140
3 (base 5) to base 14
3
-220 (base 4) to base 15
-2a
-10010000 (base 2) to base 6
-400
Convert 1012 (base 3) to base 4.
200
Convert 0 (base 10) to base 3.
0
1 (base 12) to base 15
1
-24 (base 6) to base 15
-11
Convert 100 (base 9) to base 8.
121
What is 101011 (base 2) in base 13?
34
-365 (base 7) to base 14
-dc
Convert 10 (base 7) to base 9.
7
-10011 (base 2) to base 9
-21
Convert 323 (base 4) to base 16.
3b
What is 70 (base 15) in base 3?
10220
What is -10 (base 6) in base 5?
-11
7 (base 15) to base 16
7
Convert 6d (base 16) to base 11.
9a
-2 (base 14) to base 3
-2
Convert -16 (base 8) to base 13.
-11
What is -10 (base 14) in base 8?
-16
Convert 1 (base 9) to base 13.
1
-3b (base 14) to base 5
-203
What is 123 (base 8) in base 10?
83
What is -100 (base 2) in base 3?
-11
What is -101 (base 2) in base 12?
-5
Convert -1 (base 14) to base 6.
-1
4 (base 7) to base 12
4
Convert 12 (base 5) to base 9.
7
What is -201 (base 3) in base 13?
-16
What is 3a (base 11) in base 2?
101011
Convert 321 (base 5) to base 4.
1112
Convert 2 (base 9) to base 12.
2
What is -2 (base 11) in base 15?
-2
What is 261 (base 7) in base 2?
10001101
What is 3231 (base 4) in base 8?
355
Convert -1111 (base 2) to base 9.
-16
-6a (base 16) to base 8
-152
241 (base 5) to base 4
1013
Convert -125 (base 8) to base 15.
-5a
What is -1121 (base 4) in base 2?
-1011001
What is 1111001 (base 2) in base 15?
81
-1024 (base 5) to base 14
-9d
What is 0 (base 14) in base 10?
0
-30 (base 7) to base 11
-1a
What is 32 (base 16) in base 5?
200
511 (base 7) to base 4
3331
-4 (base 12) to base 5
-4
What is -1 (base 12) in base 3?
-1
Convert 3 (base 10) to base 3.
10
What is 0 (base 15) in base 3?
0
What is 1001 (base 4) in base 7?
122
Convert 3 (base 14) to base 15.
3
What is -1110111 (base 2) in base 12?
-9b
Convert -11 (base 2) to base 10.
-3
382 (base 10) to base 8
576
Convert e (base 15) to base 4.
32
10 (base 8) to base 7
11
Convert 1 (base 3) to base 4.
1
-2 (base 4) to base 13
-2
-24 (base 15) to base 9
-37
What is -2 (base 13) in base 5?
-2
Convert 155 (base 8) to base 15.
74
Convert -52 (base 8) to base 16.
-2a
What is -12c (base 13) in base 8?
-317
Convert -27 (base 11) to base 6.
-45
Convert 1123 (base 5) to base 15.
ad
-440 (base 5) to base 12
-a0
-1021 (base 3) to base 15
-24
Convert 101101 (base 2) to base 12.
39
51 (base 16) to base 2
101